{"id":37,"date":"2025-05-15T00:17:59","date_gmt":"2025-05-15T00:17:59","guid":{"rendered":"https:\/\/dentistainfantil.cl\/?page_id=37"},"modified":"2025-05-21T14:41:40","modified_gmt":"2025-05-21T14:41:40","slug":"cuidados-especiales","status":"publish","type":"page","link":"https:\/\/dentistainfantil.cl\/?page_id=37","title":{"rendered":"Cuidados Especiales"},"content":{"rendered":"\n<div class=\"wp-block-columns is-layout-flex wp-container-core-columns-is-layout-28f84493 wp-block-columns-is-layout-flex\">\n<div class=\"wp-block-column is-layout-flow wp-block-column-is-layout-flow\">\n<h2 class=\"wp-block-heading has-text-align-center\"><strong>Cuidados Especiales<\/strong><\/h2>\n\n\n\n<h3 class=\"wp-block-heading has-text-align-center\"><strong>\ud83d\udc99\ud83e\uddb7 Cuidados Bucales en Ni\u00f1os con Necesidades Especiales<\/strong><\/h3>\n\n\n\n<p style=\"text-align: justify;\"><span style=\"font-weight: 400;\">Cada ni\u00f1o es \u00fanico, y algunos necesitan una atenci\u00f3n a\u00fan m\u00e1s especializada y delicada. En esta secci\u00f3n encontrar\u00e1s recomendaciones, videos y recursos pr\u00e1cticos pensados especialmente para apoyar a familias de ni\u00f1os, ni\u00f1as y adolescentes con necesidades especiales de salud.<\/span><\/p>\n<p style=\"text-align: justify;\"><span style=\"font-weight: 400;\">Sabemos que el cuidado bucal en estos casos puede presentar desaf\u00edos adicionales, por eso queremos acompa\u00f1arte con informaci\u00f3n clara, respetuosa y adaptada, que te ayude a tomar decisiones con mayor seguridad y confianza. Desde t\u00e9cnicas de higiene hasta preparaci\u00f3n para visitas al dentista, aqu\u00ed encontrar\u00e1s herramientas \u00fatiles para transformar la experiencia en un proceso m\u00e1s amable y positivo para todos \ud83d\udc9b<\/span><\/p>\n<\/div>\n<\/div>\n","protected":false},"excerpt":{"rendered":"<p>Cuidados Especiales \ud83d\udc99\ud83e\uddb7 Cuidados Bucales en Ni\u00f1os con Necesidades Especiales Cada ni\u00f1o es \u00fanico, y algunos necesitan una atenci\u00f3n a\u00fan [&hellip;]<\/p>\n","protected":false},"author":1,"featured_media":0,"parent":0,"menu_order":0,"comment_status":"closed","ping_status":"closed","template":"","meta":{"site-sidebar-layout":"default","site-content-layout":"","ast-site-content-layout":"","site-content-style":"default","site-sidebar-style":"default","ast-global-header-display":"","ast-banner-title-visibility":"","ast-main-header-display":"","ast-hfb-above-header-display":"","ast-hfb-below-header-display":"","ast-hfb-mobile-header-display":"","site-post-title":"disabled","ast-breadcrumbs-content":"","ast-featured-img":"","footer-sml-layout":"","theme-transparent-header-meta":"","adv-header-id-meta":"","stick-header-meta":"","header-above-stick-meta":"","header-main-stick-meta":"","header-below-stick-meta":"","astra-migrate-meta-layouts":"default","ast-page-background-enabled":"default","ast-page-background-meta":{"desktop":{"background-color":"var(--ast-global-color-5)","background-image":"","background-repeat":"repeat","background-position":"center center","background-size":"auto","background-attachment":"scroll","background-type":"","background-media":"","overlay-type":"","overlay-color":"","overlay-opacity":"","overlay-gradient":""},"tablet":{"background-color":"","background-image":"","background-repeat":"repeat","background-position":"center center","background-size":"auto","background-attachment":"scroll","background-type":"","background-media":"","overlay-type":"","overlay-color":"","overlay-opacity":"","overlay-gradient":""},"mobile":{"background-color":"","background-image":"","background-repeat":"repeat","background-position":"center center","background-size":"auto","background-attachment":"scroll","background-type":"","background-media":"","overlay-type":"","overlay-color":"","overlay-opacity":"","overlay-gradient":""}},"ast-content-background-meta":{"desktop":{"background-color":"var(--ast-global-color-4)","background-image":"","background-repeat":"repeat","background-position":"center center","background-size":"auto","background-attachment":"scroll","background-type":"","background-media":"","overlay-type":"","overlay-color":"","overlay-opacity":"","overlay-gradient":""},"tablet":{"background-color":"var(--ast-global-color-4)","background-image":"","background-repeat":"repeat","background-position":"center center","background-size":"auto","background-attachment":"scroll","background-type":"","background-media":"","overlay-type":"","overlay-color":"","overlay-opacity":"","overlay-gradient":""},"mobile":{"background-color":"var(--ast-global-color-4)","background-image":"","background-repeat":"repeat","background-position":"center center","background-size":"auto","background-attachment":"scroll","background-type":"","background-media":"","overlay-type":"","overlay-color":"","overlay-opacity":"","overlay-gradient":""}},"footnotes":""},"class_list":["post-37","page","type-page","status-publish","hentry"],"_links":{"self":[{"href":"https:\/\/dentistainfantil.cl\/index.php?rest_route=\/wp\/v2\/pages\/37","targetHints":{"allow":["GET"]}}],"collection":[{"href":"https:\/\/dentistainfantil.cl\/index.php?rest_route=\/wp\/v2\/pages"}],"about":[{"href":"https:\/\/dentistainfantil.cl\/index.php?rest_route=\/wp\/v2\/types\/page"}],"author":[{"embeddable":true,"href":"https:\/\/dentistainfantil.cl\/index.php?rest_route=\/wp\/v2\/users\/1"}],"replies":[{"embeddable":true,"href":"https:\/\/dentistainfantil.cl\/index.php?rest_route=%2Fwp%2Fv2%2Fcomments&post=37"}],"version-history":[{"count":3,"href":"https:\/\/dentistainfantil.cl\/index.php?rest_route=\/wp\/v2\/pages\/37\/revisions"}],"predecessor-version":[{"id":244,"href":"https:\/\/dentistainfantil.cl\/index.php?rest_route=\/wp\/v2\/pages\/37\/revisions\/244"}],"wp:attachment":[{"href":"https:\/\/dentistainfantil.cl\/index.php?rest_route=%2Fwp%2Fv2%2Fmedia&parent=37"}],"curies":[{"name":"wp","href":"https:\/\/api.w.org\/{rel}","templated":true}]}}